, 7, 28439
What are the prime factors of 2283508?
2, 17, 33581
List the prime factors of 2934893.
13, 61, 3701
List the prime factors of 122720.
2, 5, 13, 59
List the prime factors of 53896.
2, 6737
List the prime factors of 5241593.
7, 17, 2591
List the prime factors of 276724.
2, 7, 9883
What are the prime factors of 123711?
3, 7, 43, 137
List the prime factors of 8722346.
2, 31, 140683
List the prime factors of 7446123.
3, 827347
What are the prime factors of 17334317?
7, 11, 13, 17317
What are the prime factors of 763459?
101, 7559
What are the prime factors of 125626?
2, 23, 2731
What are the prime factors of 633192?
2, 3, 7, 3769
List the prime factors of 11415330.
2, 3, 5, 17, 829
What are the prime factors of 657846?
2, 3, 7, 23, 227
List the prime factors of 643138.
2, 321569
List the prime factors of 10572545.
5, 2114509
What are the prime factors of 10258418?
2, 277, 18517
List the prime factors of 165052.
2, 41263
List the prime factors of 868913.
41, 21193
What are the prime factors of 89893?
241, 373
What are the prime factors of 443339?
13, 67, 509
List the prime factors of 340798.
2, 83, 2053
List the prime factors of 120668.
2, 97, 311
List the prime factors of 16806016.
2, 131297
What are the prime factors of 1869363?
3, 53, 3919
List the prime factors of 769035.
3, 5, 167, 307
What are the prime factors of 22654169?
22654169
List the prime factors of 156107.
7, 29, 769
What are the prime factors of 158178?
2, 3, 41, 643
What are the prime factors of 20358?
2, 3, 13, 29
What are the prime factors of 23596949?
269, 87721
List the prime factors of 2324564.
2, 11, 23, 2297
What are the prime factors of 6063011?
31, 195581
What are the prime factors of 10861211?
10861211
List the prime factors of 568801.
37, 15373
List the prime factors of 308893.
13, 23761
What are the prime factors of 309906?
2, 3, 1913
List the prime factors of 8114197.
7, 13, 19
List the prime factors of 177341.
37, 4793
What are the prime factors of 1095389?
157, 6977
List the prime factors of 619073.
7, 13, 6803
What are the prime factors of 836014?
2, 418007
List the prime factors of 775068.
2, 3, 7, 9227
What are the prime factors of 1788267?
3, 13, 45853
What are the prime factors of 4775756?
2, 1193939
What are the prime factors of 236681?
236681
List the prime factors of 3270022.
2, 7, 131, 1783
List the prime factors of 335426.
2, 7, 13, 19, 97
What are the prime factors of 3570497?
7, 23, 67, 331
List the prime factors of 258018.
2, 3, 43003
What are the prime factors of 1285426?
2, 19, 33827
List the prime factors of 659781.
3, 73309
What are the prime factors of 177661?
11, 31, 521
What are the prime factors of 9054607?
9054607
What are the prime factors of 4103819?
29, 141511
What are the prime factors of 12061923?
3, 4020641
What are the prime factors of 1453101?
3, 13, 19, 37, 53
What are the prime factors of 32085?
3, 5, 23, 31
List the prime factors of 273594.
2, 3, 45599
What are the prime factors of 732707?
257, 2851
What are the prime factors of 13368227?
43, 310889
List the prime factors of 608715.
3, 5, 167
What are the prime factors of 11291880?
2, 3, 5, 94099
List the prime factors of 62434.
2, 19, 31, 53
What are the prime factors of 192762?
2, 3, 10709
List the prime factors of 285946.
2, 142973
List the prime factors of 5659228.
2, 379, 3733
List the prime factors of 10451954.
2, 47, 111191
What are the prime factors of 3993462?
2, 3, 11, 83
List the prime factors of 851849.
31, 27479
What are the prime factors of 3660?
2, 3, 5, 61
List the prime factors of 8812648.
2, 13, 84737
List the prime factors of 770907.
3, 29, 8861
List the prime factors of 4640035.
5, 743, 1249
What are the prime factors of 1393651?
7, 89, 2237
What are the prime factors of 19547411?
13, 1503647
List the prime factors of 2922759.
3, 7, 17, 2729
List the prime factors of 51239.
51239
List the prime factors of 3549336.
2, 3, 7, 37, 571
List the prime factors of 251904.
2, 3, 41
What are the prime factors of 13282214?
2, 11, 67, 9011
What are the prime factors of 3031067?
13, 233159
What are the prime factors of 5147193?
3, 23, 74597
What are the prime factors of 8638039?
8638039
What are the prime factors of 5381980?
2, 5, 59, 4561
What are the prime factors of 1269441?
3, 17, 8297
What are the prime factors of 840387?
3, 280129
List the prime factors of 1293734.
2, 13, 17, 2927
What are the prime factors of 241232?
2, 15077
List the prime factors of 381745.
5, 7, 13, 839
What are the prime factors of 1090229?
7, 155747
What are the prime factors of 2789427?
3, 929809
List the prime factors of 1392261.
3, 13, 29, 1231
What are the prime factors of 819491?
819491
List the prime factors of 3581357.
13, 275489
What are the prime factors of 831482?
2, 31, 13411
What are the prime factors of 6270303?
3, 13, 43, 3739
List the prime factors of 427534.
2, 241, 887
What are the prime factors of 30771?
3, 13, 263
List the prime factors of 50278.
2, 23, 1093
What are the prime factors of 306889?
11, 23, 1213
What are the prime factors of 9246533?
307, 30119
What are the prime factors of 21641240?
2, 5, 89, 6079
List the prime factors of 342398.
2, 7, 37, 661
What are the prime factors of 20062898?
2, 19, 97, 5443
What are the prime factors of 703859?
13, 29, 1867
List the prime factors of 249709.
67, 3727
What are the prime factors of 5926959?
3, 219517
List the prime factors of 27816.
2, 3, 19, 61
What are the prime factors of 101617?
307, 331
List the prime factors of 2503676.
2, 7, 89417
List the prime factors of 17445785.
5, 7, 151, 3301
What are the prime factors of 108833?
43, 2531
List the prime factors of 258557.
13, 19889
List the prime factors of 16812053.
16812053
List the prime factors of 5046221.
1489, 3389
List the prime factors of 335166.
2, 3, 13, 4297
List the prime factors of 310133.
103, 3011
List the prime factors of 960505.
5, 7, 13, 2111
What are the prime factors of 57175?
5, 2287
What are the prime factors of 3143426?
2, 11, 13, 29, 379
What are the prime factors of 5464862?
2, 13, 210187
What are the prime factors of 72645?
3, 5, 29, 167
List the prime factors of 770792.
2, 11, 19, 461
What are the prime factors of 111648?
2, 3, 1163
What are the prime factors of 1263205?
5, 252641
What are the prime factors of 160061?
11, 14551
What are the prime factors of 1287182?
2, 13, 31, 1597
List the prime factors of 17216000.
2, 5, 269
What are the prime factors of 10022422?
2, 61, 113, 727
What are the prime factors of 5456748?
2, 3, 11, 67, 617
List the prime factors of 13107823.
31, 41, 10313
What are the prime factors of 510553?
510553
List the prime factors of 3448721.
3448721
What are the prime factors of 2187779?
11, 59, 3371
What are the prime factors of 38613303?
3, 1097, 3911
List the prime factors of 19449608.
2, 2431201
What are the prime factors of 615540?
2, 3, 5, 10259
List the prime factors of 4444.
2, 11, 101
What are the prime factors of 1157368?
2, 144671
What are the prime factors of 7603419?
3, 1117, 2269
What are the prime factors of 498530?
2, 5, 49853
What are the prime factors of 32367197?
32367197
List the prime factors of 5942234.
2, 23, 101, 1279
List the prime factors of 679859.
679859
What are the prime factors of 96234?
2, 3, 43, 373
What are the prime factors of 477982?
2, 238991
List the prime factors of 4435991.
7, 73, 8681
What are the prime factors of 359456?
2, 47, 239
What are the prime factors of 175109?
11, 15919
List the prime factors of 1696800.
2, 3, 5, 7, 101
What are the prime factors of 6378249?
3, 719, 2957
What are the prime factors of 2584829?
13, 198833
What are the prime factors of 4984577?
13, 383429
What are the prime factors of 121746?
2, 3, 103, 197
List the prime factors of 3716079.
3, 1238693
List the prime factors of 759262.
2, 7, 193, 281
What are the prime factors of 654461?
641, 1021
List the prime factors of 294567.
3, 7, 13, 83
List the prime factors of 302347.
19, 15913
What are the prime factors of 321694?
2, 239, 673
What are the prime factors of 7919?
7919
What are the prime factors of 582674?
2, 291337
List the prime factors of 24483555.
3, 5, 43, 12653
List the prime factors of 521149.
53, 9833
List the prime factors of 220415.
5, 13, 3391
What are the prime factors of 167966?
2, 